{"id":3,"date":"2025-03-14T17:18:45","date_gmt":"2025-03-14T16:18:45","guid":{"rendered":"http:\/\/ferme-bio-lagagnerie.com\/?page_id=3"},"modified":"2025-03-27T13:35:48","modified_gmt":"2025-03-27T12:35:48","slug":"politique-de-confidentialite","status":"publish","type":"page","link":"https:\/\/ferme-bio-lagagnerie.com\/index.php\/politique-de-confidentialite\/","title":{"rendered":"Politique de confidentialit\u00e9"},"content":{"rendered":"\t\t<div data-elementor-type=\"wp-page\" data-elementor-id=\"3\" class=\"elementor elementor-3\">\n\t\t\t\t<div class=\"elementor-element elementor-element-ba23509 e-grid e-con-boxed e-con e-parent\" data-id=\"ba23509\" data-element_type=\"container\" data-e-type=\"container\" data-settings=\"{&quot;background_background&quot;:&quot;classic&quot;}\">\n\t\t\t\t\t<div class=\"e-con-inner\">\n\t\t\t\t\t<\/div>\n\t\t\t\t<\/div>\n\t\t<div class=\"elementor-element elementor-element-2827a6e8 e-flex e-con-boxed e-con e-parent\" data-id=\"2827a6e8\" data-element_type=\"container\" data-e-type=\"container\" data-settings=\"{&quot;background_background&quot;:&quot;classic&quot;}\">\n\t\t\t\t\t<div class=\"e-con-inner\">\n\t\t\t\t<div class=\"elementor-element elementor-element-57c00e2 elementor-widget elementor-widget-heading\" data-id=\"57c00e2\" data-element_type=\"widget\" data-e-type=\"widget\" data-widget_type=\"heading.default\">\n\t\t\t\t<div class=\"elementor-widget-container\">\n\t\t\t\t\t<h2 class=\"elementor-heading-title elementor-size-default\">Politique de confidentialit\u00e9 &amp; mentions l\u00e9gales du site<\/h2>\t\t\t\t<\/div>\n\t\t\t\t<\/div>\n\t\t\t\t<div class=\"elementor-element elementor-element-55645a12 elementor-widget elementor-widget-text-editor\" data-id=\"55645a12\" data-element_type=\"widget\" data-e-type=\"widget\" data-widget_type=\"text-editor.default\">\n\t\t\t\t<div class=\"elementor-widget-container\">\n\t\t\t\t\t\t\t\t\t<div class=\"elementor-element elementor-element-db0c4c1 elementor-widget elementor-widget-heading\" data-id=\"db0c4c1\" data-element_type=\"widget\" data-widget_type=\"heading.default\"><div class=\"elementor-widget-container\"><p class=\"elementor-heading-title elementor-size-default\"><span style=\"color: var( --e-global-color-text ); font-family: var( --e-global-typography-text-font-family ), Sans-serif; text-align: var(--text-align); font-size: 16px; font-weight: normal;\">Responsable de publication : Thomas Lecomte<\/span><\/p><\/div><\/div><div class=\"elementor-element elementor-element-2a4a1bf7 elementor-widget elementor-widget-text-editor\" data-id=\"2a4a1bf7\" data-element_type=\"widget\" data-widget_type=\"text-editor.default\"><div class=\"elementor-widget-container\"><p>Forme juridique : Entrepreneur individuel<br \/>SIREN : 849150255<br \/>Code APE : 0111Z &#8211; Culture de c\u00e9r\u00e9ales (\u00e0 l&rsquo;exception du riz), de l\u00e9gumineuses et de graines ol\u00e9agineuses<br \/>Adresse mail : ferme.bio.gagnerie@gmail.com<br \/>T\u00e9l\u00e9phone : <span style=\"font-family: var(--global-body-font-family);\">06 59 52 67 12<\/span><\/p><p>H\u00e9bergement du site : OVH France<br \/>Cr\u00e9ation du site internet : Marion Nagel \u00a9<a href=\"http:\/\/www.marionnagel.com\">www.marionnagel.com<\/a><\/p><p><span style=\"font-family: var(--global-body-font-family);\">Traitement des donn\u00e9es personnelles : L\u2019ensemble de ce site rel\u00e8ve des l\u00e9gislations fran\u00e7aises et internationales sur le droit d\u2019auteur et la propri\u00e9t\u00e9 intellectuelle. Tous les droits de reproduction sont r\u00e9serv\u00e9s, y compris pour les documents iconographiques et photographiques. Toutes les informations personnelles recueillies sur ce site sont purement \u00e0 but informatif et ne seront en aucun cas utilis\u00e9es \u00e0 des fins commerciales.<\/span><\/p><p>Conform\u00e9ment \u00e0 la Loi \u00ab Informatique et Libert\u00e9s \u00bb n\u00b0 78 -17 du 6 janvier 1978, les informations vous concernant sont destin\u00e9es \u00e0 LaFerme de la Gagnerie, responsable du traitement. Vous disposez d\u2019un droit d\u2019acc\u00e8s, de rectification et de suppression des donn\u00e9es qui vous concernent. Vous pouvez l\u2019exercer en adressant un email \u00e0 Thomas Lecomte \u00e0 l\u2019adresse : ferme.bio.gagnerie@gmail.com<\/p><p>Liens hypertextes : Les liens hypertextes pr\u00e9sents sur le site Internet ferme-bio-lagagnerie.com orientant les internautes vers d\u2019autres sites Internet n\u2019engagent pas la responsabilit\u00e9 de Thomas Lecomte quant au contenu de ces sites et des sites vers lesquels de nouveaux liens pourraient renvoyer.<\/p><\/div><\/div><div class=\"elementor-element elementor-element-42ee81f elementor-widget elementor-widget-heading\" data-id=\"42ee81f\" data-element_type=\"widget\" data-widget_type=\"heading.default\"><div class=\"elementor-widget-container\">\u00a0<\/div><\/div><p><!-- \/wp:paragraph --><\/p>\t\t\t\t\t\t\t\t<\/div>\n\t\t\t\t<\/div>\n\t\t\t\t\t<\/div>\n\t\t\t\t<\/div>\n\t\t\t\t<\/div>\n\t\t","protected":false},"excerpt":{"rendered":"<p>Politique de confidentialit\u00e9 &#038; mentions l\u00e9gales du site Responsable de publication : Thomas Lecomte Forme juridique : Entrepreneur individuelSIREN : 849150255Code APE : 0111Z &#8211; Culture de c\u00e9r\u00e9ales (\u00e0 l&rsquo;exception du riz), de l\u00e9gumineuses et de graines ol\u00e9agineusesAdresse mail : ferme.bio.gagnerie@gmail.comT\u00e9l\u00e9phone : 06 59 52 67 12 H\u00e9bergement du site : OVH FranceCr\u00e9ation du site&#8230;<\/p>\n","protected":false},"author":1,"featured_media":0,"parent":0,"menu_order":0,"comment_status":"closed","ping_status":"open","template":"elementor_header_footer","meta":{"_kad_post_transparent":"","_kad_post_title":"","_kad_post_layout":"","_kad_post_sidebar_id":"","_kad_post_content_style":"","_kad_post_vertical_padding":"","_kad_post_feature":"","_kad_post_feature_position":"","_kad_post_header":false,"_kad_post_footer":false,"_kad_post_classname":"","footnotes":""},"class_list":["post-3","page","type-page","status-publish","hentry"],"yoast_head":"<!-- This site is optimized with the Yoast SEO plugin v27.4 - https:\/\/yoast.com\/product\/yoast-seo-wordpress\/ -->\n<title>Politique de confidentialit\u00e9 - Ferme bio La Gagnerie<\/title>\n<meta name=\"robots\" content=\"index, follow, max-snippet:-1, max-image-preview:large, max-video-preview:-1\" \/>\n<link rel=\"canonical\" href=\"https:\/\/ferme-bio-lagagnerie.com\/index.php\/politique-de-confidentialite\/\" \/>\n<meta property=\"og:locale\" content=\"fr_FR\" \/>\n<meta property=\"og:type\" content=\"article\" \/>\n<meta property=\"og:title\" content=\"Politique de confidentialit\u00e9 - Ferme bio La Gagnerie\" \/>\n<meta property=\"og:description\" content=\"Politique de confidentialit\u00e9 &#038; mentions l\u00e9gales du site Responsable de publication : Thomas Lecomte Forme juridique : Entrepreneur individuelSIREN : 849150255Code APE : 0111Z &#8211; Culture de c\u00e9r\u00e9ales (\u00e0 l&rsquo;exception du riz), de l\u00e9gumineuses et de graines ol\u00e9agineusesAdresse mail : ferme.bio.gagnerie@gmail.comT\u00e9l\u00e9phone : 06 59 52 67 12 H\u00e9bergement du site : OVH FranceCr\u00e9ation du site...\" \/>\n<meta property=\"og:url\" content=\"https:\/\/ferme-bio-lagagnerie.com\/index.php\/politique-de-confidentialite\/\" \/>\n<meta property=\"og:site_name\" content=\"Ferme bio La Gagnerie\" \/>\n<meta property=\"article:modified_time\" content=\"2025-03-27T12:35:48+00:00\" \/>\n<meta name=\"twitter:card\" content=\"summary_large_image\" \/>\n<meta name=\"twitter:label1\" content=\"Dur\u00e9e de lecture estim\u00e9e\" \/>\n\t<meta name=\"twitter:data1\" content=\"3 minutes\" \/>\n<script type=\"application\/ld+json\" class=\"yoast-schema-graph\">{\"@context\":\"https:\\\/\\\/schema.org\",\"@graph\":[{\"@type\":\"WebPage\",\"@id\":\"https:\\\/\\\/ferme-bio-lagagnerie.com\\\/index.php\\\/politique-de-confidentialite\\\/\",\"url\":\"https:\\\/\\\/ferme-bio-lagagnerie.com\\\/index.php\\\/politique-de-confidentialite\\\/\",\"name\":\"Politique de confidentialit\u00e9 - Ferme bio La Gagnerie\",\"isPartOf\":{\"@id\":\"https:\\\/\\\/ferme-bio-lagagnerie.com\\\/#website\"},\"datePublished\":\"2025-03-14T16:18:45+00:00\",\"dateModified\":\"2025-03-27T12:35:48+00:00\",\"breadcrumb\":{\"@id\":\"https:\\\/\\\/ferme-bio-lagagnerie.com\\\/index.php\\\/politique-de-confidentialite\\\/#breadcrumb\"},\"inLanguage\":\"fr-FR\",\"potentialAction\":[{\"@type\":\"ReadAction\",\"target\":[\"https:\\\/\\\/ferme-bio-lagagnerie.com\\\/index.php\\\/politique-de-confidentialite\\\/\"]}]},{\"@type\":\"BreadcrumbList\",\"@id\":\"https:\\\/\\\/ferme-bio-lagagnerie.com\\\/index.php\\\/politique-de-confidentialite\\\/#breadcrumb\",\"itemListElement\":[{\"@type\":\"ListItem\",\"position\":1,\"name\":\"Accueil\",\"item\":\"https:\\\/\\\/ferme-bio-lagagnerie.com\\\/\"},{\"@type\":\"ListItem\",\"position\":2,\"name\":\"Politique de confidentialit\u00e9\"}]},{\"@type\":\"WebSite\",\"@id\":\"https:\\\/\\\/ferme-bio-lagagnerie.com\\\/#website\",\"url\":\"https:\\\/\\\/ferme-bio-lagagnerie.com\\\/\",\"name\":\"Ferme La Gagnerie\",\"description\":\"Agriculture biologique depuis 2019\",\"publisher\":{\"@id\":\"https:\\\/\\\/ferme-bio-lagagnerie.com\\\/#organization\"},\"potentialAction\":[{\"@type\":\"SearchAction\",\"target\":{\"@type\":\"EntryPoint\",\"urlTemplate\":\"https:\\\/\\\/ferme-bio-lagagnerie.com\\\/?s={search_term_string}\"},\"query-input\":{\"@type\":\"PropertyValueSpecification\",\"valueRequired\":true,\"valueName\":\"search_term_string\"}}],\"inLanguage\":\"fr-FR\"},{\"@type\":\"Organization\",\"@id\":\"https:\\\/\\\/ferme-bio-lagagnerie.com\\\/#organization\",\"name\":\"Ferme La Gagnerie\",\"url\":\"https:\\\/\\\/ferme-bio-lagagnerie.com\\\/\",\"logo\":{\"@type\":\"ImageObject\",\"inLanguage\":\"fr-FR\",\"@id\":\"https:\\\/\\\/ferme-bio-lagagnerie.com\\\/#\\\/schema\\\/logo\\\/image\\\/\",\"url\":\"https:\\\/\\\/ferme-bio-lagagnerie.com\\\/wp-content\\\/uploads\\\/2025\\\/03\\\/cropped-cropped-Logo-LaGagnerie-Typo.png\",\"contentUrl\":\"https:\\\/\\\/ferme-bio-lagagnerie.com\\\/wp-content\\\/uploads\\\/2025\\\/03\\\/cropped-cropped-Logo-LaGagnerie-Typo.png\",\"width\":1369,\"height\":402,\"caption\":\"Ferme La Gagnerie\"},\"image\":{\"@id\":\"https:\\\/\\\/ferme-bio-lagagnerie.com\\\/#\\\/schema\\\/logo\\\/image\\\/\"},\"sameAs\":[\"https:\\\/\\\/www.instagram.com\\\/ferme.bio.gagnerie\\\/\"]}]}<\/script>\n<!-- \/ Yoast SEO plugin. -->","yoast_head_json":{"title":"Politique de confidentialit\u00e9 - Ferme bio La Gagnerie","robots":{"index":"index","follow":"follow","max-snippet":"max-snippet:-1","max-image-preview":"max-image-preview:large","max-video-preview":"max-video-preview:-1"},"canonical":"https:\/\/ferme-bio-lagagnerie.com\/index.php\/politique-de-confidentialite\/","og_locale":"fr_FR","og_type":"article","og_title":"Politique de confidentialit\u00e9 - Ferme bio La Gagnerie","og_description":"Politique de confidentialit\u00e9 &#038; mentions l\u00e9gales du site Responsable de publication : Thomas Lecomte Forme juridique : Entrepreneur individuelSIREN : 849150255Code APE : 0111Z &#8211; Culture de c\u00e9r\u00e9ales (\u00e0 l&rsquo;exception du riz), de l\u00e9gumineuses et de graines ol\u00e9agineusesAdresse mail : ferme.bio.gagnerie@gmail.comT\u00e9l\u00e9phone : 06 59 52 67 12 H\u00e9bergement du site : OVH FranceCr\u00e9ation du site...","og_url":"https:\/\/ferme-bio-lagagnerie.com\/index.php\/politique-de-confidentialite\/","og_site_name":"Ferme bio La Gagnerie","article_modified_time":"2025-03-27T12:35:48+00:00","twitter_card":"summary_large_image","twitter_misc":{"Dur\u00e9e de lecture estim\u00e9e":"3 minutes"},"schema":{"@context":"https:\/\/schema.org","@graph":[{"@type":"WebPage","@id":"https:\/\/ferme-bio-lagagnerie.com\/index.php\/politique-de-confidentialite\/","url":"https:\/\/ferme-bio-lagagnerie.com\/index.php\/politique-de-confidentialite\/","name":"Politique de confidentialit\u00e9 - Ferme bio La Gagnerie","isPartOf":{"@id":"https:\/\/ferme-bio-lagagnerie.com\/#website"},"datePublished":"2025-03-14T16:18:45+00:00","dateModified":"2025-03-27T12:35:48+00:00","breadcrumb":{"@id":"https:\/\/ferme-bio-lagagnerie.com\/index.php\/politique-de-confidentialite\/#breadcrumb"},"inLanguage":"fr-FR","potentialAction":[{"@type":"ReadAction","target":["https:\/\/ferme-bio-lagagnerie.com\/index.php\/politique-de-confidentialite\/"]}]},{"@type":"BreadcrumbList","@id":"https:\/\/ferme-bio-lagagnerie.com\/index.php\/politique-de-confidentialite\/#breadcrumb","itemListElement":[{"@type":"ListItem","position":1,"name":"Accueil","item":"https:\/\/ferme-bio-lagagnerie.com\/"},{"@type":"ListItem","position":2,"name":"Politique de confidentialit\u00e9"}]},{"@type":"WebSite","@id":"https:\/\/ferme-bio-lagagnerie.com\/#website","url":"https:\/\/ferme-bio-lagagnerie.com\/","name":"Ferme La Gagnerie","description":"Agriculture biologique depuis 2019","publisher":{"@id":"https:\/\/ferme-bio-lagagnerie.com\/#organization"},"potentialAction":[{"@type":"SearchAction","target":{"@type":"EntryPoint","urlTemplate":"https:\/\/ferme-bio-lagagnerie.com\/?s={search_term_string}"},"query-input":{"@type":"PropertyValueSpecification","valueRequired":true,"valueName":"search_term_string"}}],"inLanguage":"fr-FR"},{"@type":"Organization","@id":"https:\/\/ferme-bio-lagagnerie.com\/#organization","name":"Ferme La Gagnerie","url":"https:\/\/ferme-bio-lagagnerie.com\/","logo":{"@type":"ImageObject","inLanguage":"fr-FR","@id":"https:\/\/ferme-bio-lagagnerie.com\/#\/schema\/logo\/image\/","url":"https:\/\/ferme-bio-lagagnerie.com\/wp-content\/uploads\/2025\/03\/cropped-cropped-Logo-LaGagnerie-Typo.png","contentUrl":"https:\/\/ferme-bio-lagagnerie.com\/wp-content\/uploads\/2025\/03\/cropped-cropped-Logo-LaGagnerie-Typo.png","width":1369,"height":402,"caption":"Ferme La Gagnerie"},"image":{"@id":"https:\/\/ferme-bio-lagagnerie.com\/#\/schema\/logo\/image\/"},"sameAs":["https:\/\/www.instagram.com\/ferme.bio.gagnerie\/"]}]}},"_links":{"self":[{"href":"https:\/\/ferme-bio-lagagnerie.com\/index.php\/wp-json\/wp\/v2\/pages\/3","targetHints":{"allow":["GET"]}}],"collection":[{"href":"https:\/\/ferme-bio-lagagnerie.com\/index.php\/wp-json\/wp\/v2\/pages"}],"about":[{"href":"https:\/\/ferme-bio-lagagnerie.com\/index.php\/wp-json\/wp\/v2\/types\/page"}],"author":[{"embeddable":true,"href":"https:\/\/ferme-bio-lagagnerie.com\/index.php\/wp-json\/wp\/v2\/users\/1"}],"replies":[{"embeddable":true,"href":"https:\/\/ferme-bio-lagagnerie.com\/index.php\/wp-json\/wp\/v2\/comments?post=3"}],"version-history":[{"count":16,"href":"https:\/\/ferme-bio-lagagnerie.com\/index.php\/wp-json\/wp\/v2\/pages\/3\/revisions"}],"predecessor-version":[{"id":334,"href":"https:\/\/ferme-bio-lagagnerie.com\/index.php\/wp-json\/wp\/v2\/pages\/3\/revisions\/334"}],"wp:attachment":[{"href":"https:\/\/ferme-bio-lagagnerie.com\/index.php\/wp-json\/wp\/v2\/media?parent=3"}],"curies":[{"name":"wp","href":"https:\/\/api.w.org\/{rel}","templated":true}]}}